-13*p = -10*p - 9. Is 353/(3/9 + 2/p) prime?
True
Suppose 6*l - 3*b = l + 4537, 1817 = 2*l + b. Suppose -l = -2*o + 174. Is o a prime number?
True
Let n be 1/((-4)/4) - -6253. Let c = 310 - n. Is (-1)/(c/(-1486) + -4) a prime number?
True
Let a(r) = -r**3 - 2*r**2 - 2*r. Let q be a(-2). Suppose -3*u = -u - q. Suppose 0 = 3*d + 5*n - 1859, u*d - 4*n - 1208 = 2. Is d a composite number?
False
Let j(s) = 5 + 95*s**2 - 60*s + 27*s + 36*s. Is j(-3) composite?
True
Suppose -4*k = j - 47 - 18, -80 = -5*k - j. Let f = k - -220. Is f a composite number?
True
Let p(d) = -5*d - 54. Let g be p(-10). Let n(w) = -24*w**3 - 2*w**2 - 4*w - 9. Is n(g) prime?
True
Let d be (-1)/2*(18 - 100). Let v = d + -40. Let g = 32 - v. Is g a composite number?
False
Suppose -4*p + 2*p + 1649 = t, 5*t = -5*p + 8265. Is t a prime number?
True
Let l = 1068 - 331. Is l a prime number?
False
Let j = -3 - -5. Suppose -25*u + 29*u = 12. Suppose -t - 73 = -u*c - j*c, 2*c = -t + 25. Is c a composite number?
True
Let u(m) = -2*m**3 - 22*m**2 - 19*m - 3. Let s be u(-10). Suppose -5*c + 3*j - 10 = 8, -5*c + j - 26 = 0. Let i = c - s. Is i a composite number?
False
Let l(t) = -883*t + 4. Let i(g) = -883*g + 4. Let q(u) = 6*i(u) - 5*l(u). Is q(-1) a composite number?
False
Let u = 11053 + -2947. Suppose u = 4*r + 2*r. Is r a prime number?
False
Let d(f) = -f**3 - 8*f**2 + 10*f + 9. Suppose 3*b + 0 = -27. Let h be d(b). Suppose -4*y - r = -2980, 2*r - r = h. Is y a composite number?
True
Let y(v) = 9*v - 44*v - 9 - 29*v. Let f be y(-9). Let n = f - 356. Is n composite?
False
Suppose -15 = -4*j + j, 2*j = m - 16587. Is m a composite number?
True
Suppose 0 = -7*h + h. Is 15/5 + 220 + h a composite number?
False
Let v = 6 + 17. Let j = v + -10. Let i(f) = 12*f - 11. Is i(j) prime?
False
Suppose -2*f + 955 + 1183 = 0. Is f a composite number?
False
Suppose 5*r + i - 5695 = -4*i, 0 = -4*r + 4*i + 4572. Is r a composite number?
True
Let c(m) = -2*m**3 - 31*m**2 + 10*m + 13. Let t be c(-15). Let q = 849 + t. Is q a composite number?
False
Suppose 681 - 173 = 4*i. Is i composite?
False
Suppose -2*g - 5 + 0 = -h, 0 = -h - 3*g - 10. Let o be -13 + 3/h + 2. Let l = -12 - o. Is l a composite number?
False
Let r = 108 + 185. Is r a prime number?
True
Suppose 0 = -5*k + 7 + 3. Suppose 5*z - 1057 = 2*r, -z + 6*z + k*r = 1073. Suppose 0 = 3*j - 2*u - z, 2*u + 0*u - 63 = -j. Is j composite?
True
Let l be ((-1065)/6 - 2)*(3 - 1). Let r = 544 + l. Is r a composite number?
True
Let i(t) = -t**2 + 32*t + 4. Let q be ((-4)/16*2)/((-2)/52). Is i(q) prime?
True
Let q(z) = 4*z**2 - 3*z - 1. Let a be q(-2). Let j be (-568)/28 + 6/a. Let f = j + 177. Is f a composite number?
False
Let b = -130 + 133. Let y = 2245 + -1285. Suppose b*h - y - 399 = 0. Is h a prime number?
False
Suppose 0 = x - 98 - 200. Let w = x + -203. Suppose -3*m = -3*y - 114, -3*m + w = -y - 11. Is m composite?
True
Suppose -20714 = -3*y - 4*d, 434 = -y + 4*d + 7312. Is y a composite number?
True
Is (19 - (-6)/(-4 + 1))*11 composite?
True
Suppose 4*n = 7*n - 12. Suppose -n*l = -s - 3554, l + 3566 = 5*l + 5*s. Is l a composite number?
True
Let f(o) = -o + 8*o**2 - 1 + o + 21*o**2 - 3*o. Let p be f(-1). Suppose -27*y - 1096 = -p*y. Is y a composite number?
True
Let f = 1998 - 629. Suppose -5*l - f = -5409. Suppose -2*c + l = 2*o, 1104 + 547 = 4*c - 3*o. Is c a prime number?
True
Suppose -90*z - 20225 = -95*z. Is z prime?
False
Let n(p) be the second derivative of p**3/6 - p**2/2 - 6*p. Let r be n(-1). Is 4 + 474 + (-2)/r a composite number?
False
Let h(p) be the second derivative of -2*p**5/5 + p**3/3 + 5*p**2/2 - 5*p. Let u be h(-4). Suppose -u = -4*z - 193. Is z a prime number?
True
Let v(s) = 11*s**3 + 7*s**2 + 5*s + 22. Let p(y) = 12*y**3 + 6*y**2 + 4*y + 21. Let c(q) = 4*p(q) - 3*v(q). Is c(5) prime?
True
Let w be (-2 - -2)*6/24. Suppose w = 5*v - 8*v. Suppose -j + 36 + 43 = v. Is j a prime number?
True
Let z(g) = 3*g**3 + 2*g**2 - 2*g + 1. Let r be z(1). Suppose -9 = r*d + 39. Is 9159/39 - d/78 composite?
True
Suppose -3*f + f + 5*l + 259 = 0, -5*l = -5*f + 640. Let g = f + -54. Suppose i - g = 142. Is i a composite number?
True
Let f be 3 - 1*(-3)/(-3). Let s be (f*6)/(8/60). Let m = s - -32. Is m prime?
False
Suppose -2*j = -5*r + 4, 0*r - 11 = -r - 3*j. Suppose -2530 = r*t - 646. Let x = t - -1349. Is x composite?
True
Let f(o) = -1451*o - 434. Is f(-20) a prime number?
False
Suppose 0 = 5*t + 24 - 14. Let o be t/(-8) + (-110)/(-40). Suppose 0 = -4*i + o*w + 745, 743 = 4*i - 5*w - 0*w. Is i prime?
False
Suppose 0 = -x + 4*m + 9, 4*m - 35 = 3*x + 2*x. Let w(v) = -2*v**3 - 18*v**2 + 8*v - 15. Is w(x) composite?
True
Let k(v) = -226*v. Let t = 4 + -6. Let r be k(t). Let m = r - 265. Is m prime?
False
Let t be (-5 - -1) + 572 + 0. Suppose 4*v = -0*v + 4*n + 464, 5*v - t = n. Is v a composite number?
False
Let f be (0 - (-2 - -4))*-142. Suppose -f = c - 1755. Is c composite?
False
Let s(v) be the third derivative of -v**4/12 - 7*v**3/6 + v**2. Let p be s(-5). Suppose -6*d = -5*u - 2*d + 1301, -2*d - 779 = -p*u. Is u a prime number?
True
Let y(u) = 2*u - 3. Suppose -2*d = 5*x - 28, x - 5*d = -8*d + 16. Let s be y(x). Suppose s*l - 308 - 497 = 0. Is l composite?
True
Let c(l) = 42*l**3 - 6*l**2 - 8*l + 9. Let w be c(7). Suppose -11272 = -13*s + w. Is s composite?
False
Is (-39 - -1156)/(2/4) prime?
False
Let l be 1*(7 + -4) - -3. Let x be 123/l*100/5. Suppose 0 = -4*o + 5*s + 824, -5*o + s + x = -599. Is o composite?
True
Suppose 3351 = 5*y + 3*l - 1478, 3*l = -y + 961. Is y a prime number?
True
Is (-30 + 8693)*(3 - 2) a composite number?
False
Suppose 2*m = 3*f - 7, 5*f - 5 = -m + 11. Suppose 0 = 4*p + 5*c - 2769, -3*p = -f*c - 1928 - 142. Is p prime?
True
Let i(y) = 38*y**3 + 7*y**2 - 2*y - 8. Let m = -22 - -27. Is i(m) composite?
True
Suppose 4*t - 102 - 710 = 0. Is t a composite number?
True
Let t(w) = 26*w - 1. Let u be t(1). Let s = 166 + u. Is s a prime number?
True
Let d = -446 - 171. Let t = d - -1230. Is t prime?
True
Let y = 1547 - 960. Is y prime?
True
Let a = 6921 + 12886. Is a a prime number?
False
Is (-8)/((-96)/(-34539))*-4 prime?
False
Suppose 5*b - 148821 = -2*n, -29775 = -63*b + 62*b + 5*n. Is b composite?
True
Let m = -94113 - -132698. Is m prime?
False
Let j(f) = 3 + 1 - 119*f**2 - 3*f - 142*f**2 + 103*f**2. Let g(b) = -631*b**2 - 13*b + 17. Let x(m) = 2*g(m) - 9*j(m). Is x(1) a prime number?
False
Let v be (-14)/(-12) + (-5)/30. Suppose 4 = x - 5*s + v, 4*x - 3*s = 12. Suppose x*j = -j + 1468. Is j prime?
True
Let i(v) = v**2 - 2*v - 11. Let c be i(5). Suppose 1137 = 3*l - 2*k, 3*l + c*k - 393 = 2*l. Is l a composite number?
True
Let i(x) = -5*x**3 + 8*x**2 - 5*x - 9. Let q(t) = 6*t**3 - 9*t**2 + 5*t + 10. Let y(u) = 7*i(u) + 6*q(u). Let s be y(-3). Is -1 + 55 + s + -2 a prime number?
False
Suppose 42288 = k - 4*b - 1719, 0 = -4*k + b + 176043. Is k prime?
False
Let a(q) be the second derivative of q**3/6 - 7*q**2/2 + 3*q. Let t be a(13). Suppose -i - 1055 = -t*i. Is i prime?
True
Suppose 2*r + 3*w - 431 = -3*r, 5*w - 435 = -5*r. Suppose -3*d - 3*z = -585, -d - 4*z + 122 = -r. Is d composite?
False
Let d(g) = 1 + 4*g**2 + 2*g + 2*g - g + 11*g**2. Is d(-3) composite?
False
Suppose 68*q = 67*q + 4049. Is q prime?
True
Let y be 206/(-10) - (-3)/5. Is (-2)/5 - 9148/y a prime number?
True
Suppose -101 = -4*p + 5*t, p = -0*p - 4*t + 20. Suppose 4*k + p = 2*n, k - 2*k = 3*n - 1. Suppose -4*g + 2196 = -4*a, n*g + a = -4*a + 1070. Is g composite?
True
Suppose -7*k - 18445 = -5*u - 2*k, k - 2 = 0. Is u a prime number?
True
Let t = 8 + -3. Let r(b) = -3 - 1 + 7*b + 29*b + t. Is r(3) prime?
True
Let o = -27 - -32. Is (3 + -1)/(o/465*6) composite?
False
Suppose -461850 = -5*v + 4*q, 4*v - 196217 = -q + 173242. Is v a prime number?
False
Is (6 - (-169352)/16) + 3/(-2) a composite number?
False
Let m(g) = 2*g**3 - 22*g**2 + 13*g + 5. Let l be m(15). Suppose 5*j + 2*o = l, -3*j + 472 = 5*o - 747. Is j a prime number?
False
Suppose 2*c = -5*o + 28545, 0 = 4*o + 5*c - 8*c - 22859. Is o a prime number?
True
Let l(f) = 1 - 4*f**2 - 2 + 7*f + 3*f**2 - 2. Let k be l(5). Suppose -8*i = -k*i - 77. Is i a prime number?
False
Let l(b) = -b**3 + b**2 - b + 14. Suppose 0*x + x = 0. Is l(x) prime?
False
Let j(a) = 3*a**3 + 26*a**2 - 35*a - 41. Is 